{"id":336,"date":"2021-07-18T22:44:48","date_gmt":"2021-07-18T20:44:48","guid":{"rendered":"https:\/\/champclause.fr\/?page_id=336"},"modified":"2021-10-08T21:33:51","modified_gmt":"2021-10-08T19:33:51","slug":"tourisme","status":"publish","type":"page","link":"https:\/\/champclause.fr\/index.php\/tourisme\/","title":{"rendered":"Tourisme"},"content":{"rendered":"\n<h1 class=\"has-text-align-center wp-block-heading\">Tourisme sur notre commune<\/h1>\n\n\n\n<p><strong>Nos Eglises<\/strong> :<br>Notre commune dispose de 2 Eglises&nbsp;: l\u2019une \u00e0 Boussoulet et l\u2019autre \u00e0 Champclause. Actuellement, nous faisons partie de l\u2019ensemble paroissial de Saint-Julien Chapteuil : Tel&nbsp;: 04.71.08.70.37 Pour plus d\u2019informations&nbsp;: http:\/\/secteurloirecevennes.catholique.fr<\/p>\n\n\n\n<figure class=\"wp-block-gallery columns-3 is-cropped wp-block-gallery-1 is-layout-flex wp-block-gallery-is-layout-flex\"><ul class=\"blocks-gallery-grid\"><li class=\"blocks-gallery-item\"><figure><img loading=\"lazy\" decoding=\"async\" width=\"472\" height=\"354\" src=\"https:\/\/champclause.fr\/wp-content\/uploads\/2021\/07\/DSC01117.jpg\" alt=\"\" data-id=\"284\" data-full-url=\"https:\/\/champclause.fr\/wp-content\/uploads\/2021\/07\/DSC01117.jpg\" data-link=\"https:\/\/champclause.fr\/dsc01117\/\" class=\"wp-image-284\" srcset=\"https:\/\/champclause.fr\/wp-content\/uploads\/2021\/07\/DSC01117.jpg 472w, https:\/\/champclause.fr\/wp-content\/uploads\/2021\/07\/DSC01117-300x225.jpg 300w, https:\/\/champclause.fr\/wp-content\/uploads\/2021\/07\/DSC01117-140x105.jpg 140w\" sizes=\"auto, (max-width: 472px) 100vw, 472px\" \/><figcaption class=\"blocks-gallery-item__caption\">Eglise champclause<\/figcaption><\/figure><\/li><li class=\"blocks-gallery-item\"><figure><img loading=\"lazy\" decoding=\"async\" width=\"340\" height=\"236\" src=\"https:\/\/champclause.fr\/wp-content\/uploads\/2021\/07\/Eglise-champclause1.jpg\" alt=\"\" data-id=\"359\" data-full-url=\"https:\/\/champclause.fr\/wp-content\/uploads\/2021\/07\/Eglise-champclause1.jpg\" data-link=\"https:\/\/champclause.fr\/?attachment_id=359\" class=\"wp-image-359\" srcset=\"https:\/\/champclause.fr\/wp-content\/uploads\/2021\/07\/Eglise-champclause1.jpg 340w, https:\/\/champclause.fr\/wp-content\/uploads\/2021\/07\/Eglise-champclause1-300x208.jpg 300w, https:\/\/champclause.fr\/wp-content\/uploads\/2021\/07\/Eglise-champclause1-140x97.jpg 140w\" sizes=\"auto, (max-width: 340px) 100vw, 340px\" \/><figcaption class=\"blocks-gallery-item__caption\">Eglise champclause-2<\/figcaption><\/figure><\/li><li class=\"blocks-gallery-item\"><figure><img loading=\"lazy\" decoding=\"async\" width=\"472\" height=\"354\" src=\"https:\/\/champclause.fr\/wp-content\/uploads\/2021\/07\/Eglis-champc-inte.jpg\" alt=\"\" data-id=\"363\" data-full-url=\"https:\/\/champclause.fr\/wp-content\/uploads\/2021\/07\/Eglis-champc-inte.jpg\" data-link=\"https:\/\/champclause.fr\/?attachment_id=363\" class=\"wp-image-363\" srcset=\"https:\/\/champclause.fr\/wp-content\/uploads\/2021\/07\/Eglis-champc-inte.jpg 472w, https:\/\/champclause.fr\/wp-content\/uploads\/2021\/07\/Eglis-champc-inte-300x225.jpg 300w, https:\/\/champclause.fr\/wp-content\/uploads\/2021\/07\/Eglis-champc-inte-140x105.jpg 140w\" sizes=\"auto, (max-width: 472px) 100vw, 472px\" \/><figcaption class=\"blocks-gallery-item__caption\">Eglise Champclause interieur<\/figcaption><\/figure><\/li><\/ul><\/figure>\n\n\n\n<p><strong><em>Eglise de Champclause &#8211; Place l&rsquo;Eglise \u2013 43430 CHAMPCLAUSE<\/em><\/strong><br>L\u2019\u00e9glise de&nbsp;<em>Champclause<\/em>, plac\u00e9e sous le vocable de la&nbsp;<a href=\"http:\/\/fr.wikipedia.org\/wiki\/Vierge_Marie\">Vierge Marie<\/a>&nbsp;et cit\u00e9e pour la premi\u00e8re fois en 1165, comporte une&nbsp;<a href=\"http:\/\/fr.wikipedia.org\/wiki\/Abside\">abside<\/a>&nbsp;<a href=\"http:\/\/fr.wikipedia.org\/wiki\/Architecture_romane\">romane<\/a>&nbsp;et jouxte le cimeti\u00e8re, qu\u2019elle a pu conserver.<br>En pierre apparente, son porche roman encadr\u00e9 de deux colonnes \u00e0 chapiteaux, son chemin de croix en lauzes grav\u00e9es et le blason des Ev\u00eaques du Velay sur la clef de vo\u00fbte de la grande arcade, elle reste un monument \u00e0 visiter.<br>Le presbyt\u00e8re accueille durant la belle saison des expositions d\u2019art contemporain.<\/p>\n\n\n\n<figure class=\"wp-block-gallery columns-3 is-cropped wp-block-gallery-2 is-layout-flex wp-block-gallery-is-layout-flex\"><ul class=\"blocks-gallery-grid\"><li class=\"blocks-gallery-item\"><figure><img loading=\"lazy\" decoding=\"async\" width=\"1000\" height=\"750\" src=\"https:\/\/champclause.fr\/wp-content\/uploads\/2021\/07\/Eglise-bouss.jpg\" alt=\"\" data-id=\"132\" data-full-url=\"https:\/\/champclause.fr\/wp-content\/uploads\/2021\/07\/Eglise-bouss.jpg\" data-link=\"https:\/\/champclause.fr\/eglise-bouss\/\" class=\"wp-image-132\" srcset=\"https:\/\/champclause.fr\/wp-content\/uploads\/2021\/07\/Eglise-bouss.jpg 1000w, https:\/\/champclause.fr\/wp-content\/uploads\/2021\/07\/Eglise-bouss-300x225.jpg 300w, https:\/\/champclause.fr\/wp-content\/uploads\/2021\/07\/Eglise-bouss-768x576.jpg 768w, https:\/\/champclause.fr\/wp-content\/uploads\/2021\/07\/Eglise-bouss-140x105.jpg 140w\" sizes=\"auto, (max-width: 1000px) 100vw, 1000px\" \/><figcaption class=\"blocks-gallery-item__caption\">Eglise Boussoulet<\/figcaption><\/figure><\/li><li class=\"blocks-gallery-item\"><figure><img loading=\"lazy\" decoding=\"async\" width=\"768\" height=\"1024\" src=\"https:\/\/champclause.fr\/wp-content\/uploads\/2021\/07\/Eglise-bouss1-1-768x1024.jpg\" alt=\"\" data-id=\"362\" data-full-url=\"https:\/\/champclause.fr\/wp-content\/uploads\/2021\/07\/Eglise-bouss1-1-scaled.jpg\" data-link=\"https:\/\/champclause.fr\/?attachment_id=362\" class=\"wp-image-362\" srcset=\"https:\/\/champclause.fr\/wp-content\/uploads\/2021\/07\/Eglise-bouss1-1-768x1024.jpg 768w, https:\/\/champclause.fr\/wp-content\/uploads\/2021\/07\/Eglise-bouss1-1-225x300.jpg 225w, https:\/\/champclause.fr\/wp-content\/uploads\/2021\/07\/Eglise-bouss1-1-1152x1536.jpg 1152w, https:\/\/champclause.fr\/wp-content\/uploads\/2021\/07\/Eglise-bouss1-1-1536x2048.jpg 1536w, https:\/\/champclause.fr\/wp-content\/uploads\/2021\/07\/Eglise-bouss1-1-140x187.jpg 140w, https:\/\/champclause.fr\/wp-content\/uploads\/2021\/07\/Eglise-bouss1-1-scaled.jpg 1920w\" sizes=\"auto, (max-width: 768px) 100vw, 768px\" \/><figcaption class=\"blocks-gallery-item__caption\">Eglise Boussoulet interieur-2<\/figcaption><\/figure><\/li><li class=\"blocks-gallery-item\"><figure><img loading=\"lazy\" decoding=\"async\" width=\"1024\" height=\"768\" src=\"https:\/\/champclause.fr\/wp-content\/uploads\/2021\/07\/Eglise-bouss-int-2-1-1024x768.jpg\" alt=\"\" data-id=\"361\" data-full-url=\"https:\/\/champclause.fr\/wp-content\/uploads\/2021\/07\/Eglise-bouss-int-2-1-scaled.jpg\" data-link=\"https:\/\/champclause.fr\/?attachment_id=361\" class=\"wp-image-361\" srcset=\"https:\/\/champclause.fr\/wp-content\/uploads\/2021\/07\/Eglise-bouss-int-2-1-1024x768.jpg 1024w, https:\/\/champclause.fr\/wp-content\/uploads\/2021\/07\/Eglise-bouss-int-2-1-300x225.jpg 300w, https:\/\/champclause.fr\/wp-content\/uploads\/2021\/07\/Eglise-bouss-int-2-1-768x576.jpg 768w, https:\/\/champclause.fr\/wp-content\/uploads\/2021\/07\/Eglise-bouss-int-2-1-1536x1152.jpg 1536w, https:\/\/champclause.fr\/wp-content\/uploads\/2021\/07\/Eglise-bouss-int-2-1-2048x1536.jpg 2048w, https:\/\/champclause.fr\/wp-content\/uploads\/2021\/07\/Eglise-bouss-int-2-1-140x105.jpg 140w\" sizes=\"auto, (max-width: 1024px) 100vw, 1024px\" \/><figcaption class=\"blocks-gallery-item__caption\">Eglise Boussoulet interieur<\/figcaption><\/figure><\/li><\/ul><\/figure>\n\n\n\n<p><strong><em>Eglise de Boussoulet &#8211; Le Bourg- 43260 Boussoulet<\/em><\/strong><br>Bien que d\u00e9pendant de Champclause, Boussoulet a \u00e9t\u00e9 \u00e9rig\u00e9 en paroisse en 1841. Eglise atypique, am\u00e9nag\u00e9e entre 1838 et 1846 dans les b\u00e2timents de l\u2019ancienne ferme Morel r\u00e9nov\u00e9e. A droite, l\u2019ancien b\u00e2timent d\u2019habitation. Au fond, l\u2019ancienne grange, \u00abnef&nbsp;\u00bb actuelle. Murs traditionnels en pierre noire de basalte et toit couvert de lauzes. Le clocher a \u00e9t\u00e9 surajout\u00e9, r\u00e9par\u00e9 en 1936 et 1958. L\u2019horloge date de 1899. Cette architecture insolite est \u00e9tonnante tant \u00e0 l\u2019ext\u00e9rieur qu\u2019\u00e0 l\u2019int\u00e9rieur.<br>Restaur\u00e9e par les habitants, avec le bois et la pierre du pays, l\u2019\u00e9glise avec ses vitraux blanc et jaune orang\u00e9s de Jean-Fran\u00e7ois Six donne une impression de for\u00eat \u00e9clair\u00e9e&nbsp;; au bois, \u00e0 la pierre et \u00e0 la lumi\u00e8re, s\u2019ajoutent les fonds baptismaux en phonolite (comme l\u2019autel). La derni\u00e8re restauration date de 1981.<\/p>\n\n\n\n<figure class=\"wp-block-image size-large\"><img loading=\"lazy\" decoding=\"async\" width=\"1000\" height=\"750\" src=\"https:\/\/champclause.fr\/wp-content\/uploads\/2021\/07\/Lac-bleu2.jpg\" alt=\"\" class=\"wp-image-78\" srcset=\"https:\/\/champclause.fr\/wp-content\/uploads\/2021\/07\/Lac-bleu2.jpg 1000w, https:\/\/champclause.fr\/wp-content\/uploads\/2021\/07\/Lac-bleu2-300x225.jpg 300w, https:\/\/champclause.fr\/wp-content\/uploads\/2021\/07\/Lac-bleu2-768x576.jpg 768w, https:\/\/champclause.fr\/wp-content\/uploads\/2021\/07\/Lac-bleu2-140x105.jpg 140w\" sizes=\"auto, (max-width: 1000px) 100vw, 1000px\" \/><\/figure>\n\n\n\n<div class=\"wp-block-columns is-layout-flex wp-container-core-columns-is-layout-9d6595d7 wp-block-columns-is-layout-flex\">\n<div class=\"wp-block-column is-layout-flow wp-block-column-is-layout-flow\">\n<p><strong>Le Lac Bleu &#8211; Les balayes<br>CHAMPCLAUSE 43430<\/strong><\/p>\n\n\n\n<p>Situ\u00e9 au lieu-dit \u00ab&nbsp;Les&nbsp;Balayes&nbsp;\u00bb, ce lac qui pour certains est bleu alors que pour d\u2019autres il est vert,&nbsp; est appell\u00e9 le lac bleu. La couleur du lac provient des lauzes, des pierres volcaniques, qui tapissent le fond de l\u2019eau. Il est situ\u00e9 \u00e0 l\u2019emplacement de l\u2019ancienne lauzi\u00e8re des \u00ab&nbsp;Balayes&nbsp;\u00bb, exploit\u00e9e pendant pr\u00e8s de trois si\u00e8cles et demi sous forme de biens de sections. Chaque famille y avait sa parcelle. En 1910, les \u00ab&nbsp;lauzerons&nbsp;\u00bb (ou lauzeurs) \u00e9taient une dizaine \u00e0 travailler ici. Cette m\u00eame ann\u00e9e, \u00e0 force de creuser, ils mirent \u00e0 jour une source qui alimente aujourd\u2019hui encore le Lac bleu. Pour continuer \u00e0 extraire la lauze, ils d\u00e9vi\u00e8rent la source, via une tranch\u00e9e au moyen de ch\u00eaneaux en bois, et siphonn\u00e8rent l\u2019eau du fond. Plus tard, cette m\u00eame tranch\u00e9e, toujours visible de nos jours, leur a servi \u00e0 remonter les lauzes gr\u00e2ce \u00e0 un syst\u00e8me de rails o\u00f9 circulaient des wagonnets tract\u00e9s par un treuil. Ensuite, le transport de la lauze jusqu\u2019\u00e0 son lieu d\u2019utilisation se faisait avec des charrettes tir\u00e9es par des bovins ou des chevaux. <\/p>\n<\/div>\n\n\n\n<div class=\"wp-block-column is-layout-flow wp-block-column-is-layout-flow\">\n<p>La carri\u00e8re des \u00ab Balayes \u00bb \u00e9tait en son temps tr\u00e8s r\u00e9put\u00e9e pour sa lauze appel\u00e9e \u00e9galement phonolite (pour le son qu\u2019elle \u00e9met lorsqu\u2019on frappe dessus). <br>Une pierre d\u2019une grande qualit\u00e9 utilis\u00e9e autrefois pour recouvrir les toitures. Elle \u00e9tait vendue \u00e0 la toise (\u00e9quivalent de 4 m\u00e8tres). Cette pierre vient des volcans du Massif Central, et en particulier certains volcans de Haute-Loire qui sont un peu particuliers : ce sont des volcans sans crat\u00e8re. Quand la lave en est sortie, elle&nbsp;\u00e9tait visqueuse, p\u00e2teuse comme du dentifrice ; \u00e0 cause de cet aspect, elle est rest\u00e9e sur place et elle a construit des d\u00f4mes de lave. A l\u2019int\u00e9rieur de ces d\u00f4mes, la lave visqueuse s\u2019est refroidie et a donn\u00e9 naissance \u00e0 ces feuilles de roche telles qu\u2019on peut les trouver aujourd\u2019hui, bien plates et plus ou moins \u00e9paisses. Cette pierre a \u00e9t\u00e9 utilis\u00e9e pour couvrir les toits de la r\u00e9gion, surtout dans le Velay oriental. La carri\u00e8re du lac bleu ayant \u00e9t\u00e9 abandonn\u00e9e depuis les ann\u00e9es cinquante, l\u2019eau a repris ses droits et le site s\u2019est transform\u00e9 en un petit lac splendide aux reflets couleur \u00e9meraude \u00e9blouissants.<br><\/p>\n<\/div>\n\n\n\n<div class=\"wp-block-column is-layout-flow wp-block-column-is-layout-flow\">\n<p>Antonin Royer \u00e9tait l\u2019un des derniers lauzerons de la carri\u00e8re. Un homme r\u00e9put\u00e9 qui, dans les ann\u00e9es soixante-dix, pendant sa retraite, retournait au Lac bleu pour tailler des lauzes et montrer son savoir-faire unique qu\u2019il aimait partager. <br>Le Lac bleu est un lieu \u00e9tonnant, sauvage, et qui \u00e0 une histoire. \u00ab Ce sont les lauzerons en travaillant qui ont fa\u00e7onn\u00e9 ce petit coin de paradis.\u00bb Il, avec sa dimension intimiste et dans son cadre paisible et sauvage, invite \u00e0 l\u2019apaisement et \u00e0 la po\u00e9sie. Ce lac bleu est tr\u00e8s beau dans son \u00e9crin de verdure estival, mais il peut \u00eatre \u00e9galement int\u00e9ressant de le voir en p\u00e9riode hivernale, ce qui fera encore plus ressortir son caract\u00e8re tr\u00e8s min\u00e9ral. Sa superficie est d\u2019environ 30&#215;40&nbsp;m\u00e8tres \u2013 Sa profondeur de 7 m\u00e8tres. <br><strong>Sur le site, il est interdit de p\u00eacher, de se baigner, de pique-niquer.<\/strong><br><strong>Les animaux doivent \u00eatre tenus en laisse. Acc\u00e8s gratuit<br>Respect du site demand\u00e9.<\/strong><\/p>\n<\/div>\n<\/div>\n\n\n\n<div class=\"wp-block-columns is-layout-flex wp-container-core-columns-is-layout-9d6595d7 wp-block-columns-is-layout-flex\">\n<div class=\"wp-block-column is-layout-flow wp-block-column-is-layout-flow\">\n<figure class=\"wp-block-image\"><img decoding=\"async\" src=\"https:\/\/champclause.fr\/wp-content\/uploads\/2021\/07\/DSC01124.jpg\" alt=\"L\u2019attribut alt de cette image est vide, son nom de fichier est DSC01124.jpg.\"\/><\/figure>\n<\/div>\n\n\n\n<div class=\"wp-block-column is-layout-flow wp-block-column-is-layout-flow\">\n<p> <strong>Ski de fond au Meygal<\/strong><br>Le domaine nordique de moyenne montage du Meygal&nbsp;situ\u00e9 entre 1200 et 1450 m\u00e8tres d\u2019altitude est un paradis pour les fondeurs. Il vous offre 44 km de pistes.<br>Le village de Boussoulet constitue une des portes d&rsquo;entr\u00e9e du domaine pour les pratiquants qui poss\u00e8dent leur forfait et mat\u00e9riel. Les amateurs de ski alternatif, skating, raquettes, d\u00e9butants ou confirm\u00e9s vont trouver le bonheur en skiant sur ces pistes&nbsp;balis\u00e9es et r\u00e9guli\u00e8rement trac\u00e9es. Le charme des nombreuses pistes en sous bois et la beaut\u00e9 des vastes \u00e9tendues sauvages travers\u00e9es font du domaine nordique du Meygal en particulier, un lieu tr\u00e8s appr\u00e9ci\u00e9 par les familles.<br> 15 KM DE PISTES&nbsp;BLEUES<br>17 KM DE PISTES&nbsp;ROUGES<br>11 KM DE PISTES&nbsp;NOIRES<br>Initi\u00e9, d\u00e9butant ou sportif, vous appr\u00e9cierez les plaisirs de la glisse au c\u0153ur d\u2019une nature pr\u00e9serv\u00e9e.&nbsp;Plus d&rsquo;info tarifs et enneigements : <a href=\"http:\/\/www.respirando.fr\/index.php\/sports-hiver-ski-snow\/ski-nordique-meygal.html\">http:\/\/www.respirando.fr<\/a> <\/p>\n<\/div>\n<\/div>\n\n\n\n<div class=\"wp-block-columns is-layout-flex wp-container-core-columns-is-layout-9d6595d7 wp-block-columns-is-layout-flex\">\n<div class=\"wp-block-column is-layout-flow wp-block-column-is-layout-flow\">\n<p> <strong>MOULIN DES MERLES<\/strong><br>Activit\u00e9s sportives, P\u00eache, Pratique libre<br>Mr Demars No\u00ebl &#8211; Pont d&rsquo;Ourbe &#8211; 43430 CHAMPCLAUSE<br>Tel. : 04 71 65 02 27 &#8211; Fax. : 04 71 65 02 27<br>Deux \u00e9tangs agr\u00e9ablement am\u00e9nag\u00e9s pour permettre aux p\u00e9cheurs de s\u2019\u00e9vader le temps d\u2019une partie de p\u00eache, seul, en famille ou entre amis (1 \u00e9tang truites fario et saumon de fontaine et 1 \u00e9tang truites arc-en-ciel. Vente au poids). Venez-vous initier aux diff\u00e9rentes techniques ou vous perfectionner : p\u00eache au coup, lancer, mouche. D\u00e9butants, b\u00e9n\u00e9ficiez de conseils avis\u00e9s de la part de la responsable et son \u00e9poux. Pour plus de facilit\u00e9, louez votre mat\u00e9riel et achetez vos app\u00e2ts sur place (dispense du permis de p\u00eache). Et ne vous inqui\u00e9tez pas, la p\u00eache y sera forc\u00e9ment bonne !!!  Ouvert tous les jours du 14\/03 au 13\/11 de 9h \u00e0 12h et de 14h \u00e0 19h. <\/p>\n<\/div>\n\n\n\n<div class=\"wp-block-column is-layout-flow wp-block-column-is-layout-flow\">\n<figure class=\"wp-block-image\"><img decoding=\"async\" src=\"https:\/\/champclause.fr\/wp-content\/uploads\/2021\/07\/Peche-ourbe4-1.jpg\" alt=\"L\u2019attribut alt de cette image est vide, son nom de fichier est Peche-ourbe4-1.jpg.\"\/><\/figure>\n<\/div>\n<\/div>\n\n\n\n<h1 class=\"has-text-align-center wp-block-heading\">H\u00e9bergement<\/h1>\n\n\n\n<p><strong>AUBERGE MONT TORTUE<\/strong>&nbsp;&nbsp;&nbsp;&nbsp;&nbsp;&nbsp;&nbsp;&nbsp;&nbsp;&nbsp;&nbsp;&nbsp;&nbsp;&nbsp;&nbsp;&nbsp;&nbsp;&nbsp;<br>Boussoulet \u2013 43260 Champclause<br>Besoin d&rsquo;air pur, de calme&nbsp;et de se ressourcer.<br>Situ\u00e9 derri\u00e8re l&rsquo;Auberge, Francis vous met \u00e0 disposition des G\u00eetes<br>Pour plus d\u2019info, merci de contacter par T\u00e9l : 04 71 05 26 14<\/p>\n\n\n\n<p><strong>Auberge du Meygal<\/strong><br>Boussoulet &#8211; 43260 St Julien-Chapteuil\u00a0<br>H\u00f4tel-restaurant ouvert tous les midi, \u00e9galement un camping. G\u00eetes et chalets \u00e0 la semaine , dans un cadre de verdure, id\u00e9al pour visites touristique, rando, v\u00e9lo, au pied du massif du Meygal.<\/p>\n","protected":false},"excerpt":{"rendered":"<p>Tourisme sur notre commune Nos Eglises :Notre commune dispose de 2 Eglises&nbsp;: l\u2019une \u00e0 Boussoulet et l\u2019autre \u00e0 Champclause. Actuellement, nous faisons partie de l\u2019ensemble paroissial de Saint-Julien Chapteuil :&hellip;<\/p>\n","protected":false},"author":2,"featured_media":0,"parent":0,"menu_order":0,"comment_status":"closed","ping_status":"closed","template":"page-templates\/pagebuilder.php","meta":{"footnotes":""},"class_list":["post-336","page","type-page","status-publish","hentry"],"_links":{"self":[{"href":"https:\/\/champclause.fr\/index.php\/wp-json\/wp\/v2\/pages\/336","targetHints":{"allow":["GET"]}}],"collection":[{"href":"https:\/\/champclause.fr\/index.php\/wp-json\/wp\/v2\/pages"}],"about":[{"href":"https:\/\/champclause.fr\/index.php\/wp-json\/wp\/v2\/types\/page"}],"author":[{"embeddable":true,"href":"https:\/\/champclause.fr\/index.php\/wp-json\/wp\/v2\/users\/2"}],"replies":[{"embeddable":true,"href":"https:\/\/champclause.fr\/index.php\/wp-json\/wp\/v2\/comments?post=336"}],"version-history":[{"count":9,"href":"https:\/\/champclause.fr\/index.php\/wp-json\/wp\/v2\/pages\/336\/revisions"}],"predecessor-version":[{"id":601,"href":"https:\/\/champclause.fr\/index.php\/wp-json\/wp\/v2\/pages\/336\/revisions\/601"}],"wp:attachment":[{"href":"https:\/\/champclause.fr\/index.php\/wp-json\/wp\/v2\/media?parent=336"}],"curies":[{"name":"wp","href":"https:\/\/api.w.org\/{rel}","templated":true}]}}